mmon divisor of 6684 and 8.
4
What is the highest common factor of 45 and 25?
5
What is the highest common factor of 221 and 85?
17
What is the highest common factor of 355 and 10?
5
What is the greatest common divisor of 12228 and 60?
12
What is the highest common factor of 1360 and 160?
80
What is the highest common factor of 1309 and 77?
77
What is the greatest common factor of 6862 and 94?
94
Calculate the highest common factor of 74 and 407.
37
Calculate the greatest common factor of 3131 and 62.
31
What is the greatest common factor of 1692 and 6?
6
Calculate the greatest common divisor of 1032 and 56.
8
What is the greatest common divisor of 1173 and 69?
69
What is the greatest common divisor of 876 and 5402?
146
What is the greatest common factor of 39 and 1573?
13
Calculate the greatest common factor of 1342 and 66.
22
What is the highest common factor of 110 and 154?
22
Calculate the greatest common divisor of 85 and 102.
17
What is the highest common divisor of 26 and 26?
26
What is the greatest common divisor of 896 and 21?
7
What is the greatest common divisor of 22 and 55?
11
What is the highest common factor of 37 and 1184?
37
Calculate the highest common factor of 42 and 186.
6
What is the greatest common factor of 50 and 1250?
50
Calculate the highest common factor of 736 and 64.
32
What is the greatest common factor of 20 and 220?
20
Calculate the highest common divisor of 6624 and 4608.
288
What is the highest common divisor of 66 and 306?
6
What is the greatest common divisor of 158 and 79?
79
What is the greatest common divisor of 265 and 15?
5
Calculate the greatest common factor of 282 and 2.
2
Calculate the greatest common factor of 752 and 16.
16
What is the highest common divisor of 540 and 20?
20
What is the highest common factor of 26 and 533?
13
What is the greatest common factor of 75 and 210?
15
Calculate the highest common divisor of 1365 and 35.
35
Calculate the highest common factor of 153 and 603.
9
Calculate the greatest common divisor of 51 and 3961.
17
Calculate the greatest common factor of 2198 and 182.
14
Calculate the highest common factor of 7 and 2765.
7
Calculate the greatest common divisor of 319 and 88.
11
What is the greatest common divisor of 37 and 703?
37
Calculate the highest common factor of 1 and 81.
1
Calculate the highest common factor of 48 and 6096.
48
What is the greatest common divisor of 19 and 29355?
19
What is the greatest common divisor of 1012 and 396?
44
What is the highest common factor of 10381 and 14?
7
Calculate the highest common factor of 11 and 11.
11
Calculate the greatest common factor of 1 and 16.
1
Calculate the highest common factor of 44 and 165.
11
Calculate the highest common divisor of 20 and 6520.
20
What is the greatest common factor of 36 and 16?
4
What is the greatest common divisor of 40 and 280?
40
Calculate the greatest common factor of 4 and 64.
4
What is the greatest common divisor of 3990 and 490?
70
Calculate the highest common factor of 2862 and 212.
106
What is the highest common factor of 480 and 435?
15
Calculate the highest common divisor of 608 and 80.
16
Calculate the highest common divisor of 540 and 560.
20
Calculate the highest common divisor of 222 and 5365.
37
Calculate the highest common divisor of 66 and 88.
22
What is the greatest common divisor of 90 and 1250?
10
What is the greatest common divisor of 216 and 24?
24
Calculate the greatest common divisor of 3649 and 89.
89
Calculate the greatest common divisor of 88 and 154.
22
What is the highest common factor of 24 and 132?
12
Calculate the greatest common divisor of 609 and 348.
87
Calculate the highest common factor of 50 and 32.
2
Calculate the highest common divisor of 18 and 29844.
18
What is the highest common factor of 17 and 6341?
17
What is the greatest common factor of 5842 and 381?
127
What is the highest common factor of 945 and 3710?
35
What is the greatest common divisor of 9 and 21825?
9
Calculate the highest common divisor of 51 and 578.
17
Calculate the greatest common divisor of 517 and 1133.
11
What is the greatest common factor of 10 and 46?
2
What is the greatest common divisor of 109 and 13952?
109
Calculate the greatest common factor of 742 and 14.
14
What is the greatest common divisor of 10 and 505?
5
Calculate the highest common divisor of 155 and 215.
5
Calculate the highest common factor of 15 and 1845.
15
What is the greatest common divisor of 3 and 2843?
1
What is the greatest common factor of 308 and 28?
28
Calculate the highest common factor of 22 and 1474.
22
What is the highest common divisor of 82 and 9881?
41
Calculate the greatest common divisor of 264 and 48.
24
What is the greatest common factor of 10 and 63590?
10
What is the highest common factor of 1584 and 462?
66
What is the greatest common factor of 120 and 5940?
60
What is the greatest common factor of 434 and 28?
14
What is the greatest common divisor of 5 and 4?
1
What is the greatest common divisor of 832 and 368?
16
What is the highest common divisor of 42 and 43848?
42
What is the highest common factor of 777 and 21?
21
Calculate the highest common factor of 406 and 14.
14
What is the greatest common factor of 399 and 7?
7
Calculate the highest common factor of 136 and 340.
68
What is the greatest common factor of 320 and 120?
40
Calculate the highest common factor of 234 and 7137.
117
Calculate the greatest common factor of 23 and 161.
23
Calculate the greatest common divisor of 205 and 10865.
205
What is the greatest common factor of 78 and 20514?
78
What is the greatest common divisor of 108 and 144?
36
Calculate the greatest common divisor of 3 and 2.
1
Calculate the highest common divisor of 113 and 33109.
113
Calculate the greatest common divisor of 216 and 1608.
24
What is the highest common factor of 22 and 253?
11
Calculate the greatest common factor of 33 and 3443.
11
Calculate the highest common factor of 6210 and 1755.
135
What is the highest common factor of 136 and 152?
8
What is the greatest common factor of 957 and 377?
29
What is the highest common factor of 93 and 3?
3
Calculate the greatest common divisor of 25 and 4525.
25
What is the highest common factor of 13806 and 104?
26
What is the highest common factor of 410 and 10?
10
Calculate the greatest common divisor of 78 and 585.
39
Calculate the greatest common divisor of 7 and 77.
7
What is the highest common divisor of 9 and 168?
3
Calculate the highest common divisor of 47 and 4089.
47
Calculate the highest common factor of 53 and 2120.
53
What is the greatest common factor of 2134 and 154?
22
Calculate the greatest common divisor of 76 and 57.
19
What is the highest common factor of 46 and 28382?
46
What is the greatest common factor of 180 and 100?
20
Calculate the greatest common factor of 578 and 68.
34
What is the highest common factor of 87 and 29?
29
What is the highest common divisor of 1 and 49?
1
What is the highest common divisor of 3 and 137?
1
What is the greatest common factor of 122 and 7442?
122
What is the greatest common factor of 42 and 518?
14
What is the highest common factor of 1200 and 96?
48
What is the greatest common factor of 21428 and 11?
11
Calculate the greatest common factor of 15 and 81.
3
What is the greatest common factor of 190 and 23750?
190
Calculate the greatest common divisor of 4794 and 510.
102
Calculate the highest common divisor of 60 and 105.
15
Calculate the highest common divisor of 5 and 215.
5
What is the greatest common divisor of 1577 and 249?
83
What is the highest common factor of 93 and 217?
31
What is the greatest common factor of 48 and 300?
12
What is the greatest common factor of 763 and 218?
109
What is the highest common divisor of 21395 and 55?
55
What is the greatest common factor of 29963 and 166?
83
What is the greatest common factor of 5508 and 432?
108
Calculate the greatest common factor of 315 and 30.
15
What is the highest common factor of 515 and 5?
5
What is the highest common factor of 16 and 9?
1
What is the highest common factor of 194 and 11349?
97
What is the greatest common factor of 13845 and 195?
195
Calculate the greatest common factor of 54 and 189.
27
What is the greatest common factor of 31 and 651?
31
What is the greatest com